{"id":230,"date":"2023-10-24T12:57:57","date_gmt":"2023-10-24T10:57:57","guid":{"rendered":"https:\/\/dainnleifur3.sterbaya.fr\/?page_id=230"},"modified":"2024-08-28T09:54:55","modified_gmt":"2024-08-28T07:54:55","slug":"combat-western","status":"publish","type":"page","link":"https:\/\/www.dainnleifur.fr\/index.php\/combat-western\/","title":{"rendered":"Combat Western"},"content":{"rendered":"\n<p>Le combat viking Western style est le style de combat viking le plus r\u00e9pandu car le plus light et le plus abordable.<\/p>\n\n\n\n<p>Le Western style se d\u00e9marque par la victoire en 1 touche, la zone cible \u00e9tant le torse, les cuisses et la partie haute des bras (en option). Les affrontements vont du duel (2 personnes) \u00e0 des combats de ligne cons\u00e9quents (100+ de chaque c\u00f4t\u00e9 ex:&nbsp;Moesgaard &#8211; Danemark).<\/p>\n\n\n\n<p>La difficult\u00e9 du Western style r\u00e9side dans la n\u00e9cessit\u00e9 d&rsquo;avoir un contr\u00f4le tr\u00e8s pointu sur son arme pour effectuer des touches fermes mais douces, avec un certain niveau de dynamisme et de propret\u00e9 du geste.<\/p>\n\n\n\n<p>Mise \u00e0 part quelques \u00e9quipements de s\u00e9curit\u00e9 n\u00e9cessaire&nbsp;(gants, coquille) pas besoin de gros investissements en armure m\u00eame si le casque IXe &#8211; XIe est obligatoire lors des repr\u00e9sentations publiques. Il faudra n\u00e9anmoins s&rsquo;\u00e9quiper d&rsquo;une arme \u00e0 une main telle que la hache ou l&rsquo;\u00e9p\u00e9e. Il est vivement conseill\u00e9 de demander conseil \u00e0 ceux qui ont d\u00e9j\u00e0 achet\u00e9 ce type d&rsquo;\u00e9quipement (casque inclu) car il est tr\u00e8s facile d&rsquo;investir dans des objets qui ne sont pas aux normes ou pas pratiques d&rsquo;utilisation (lourdes) ou m\u00eame pas repr\u00e9senatives de l&rsquo;\u00e9poque d\u00e9peinte (il est toujours possible de justifier un guerrier Turc voyageant en Europe mais pas un guerrier IXe &#8211; XIe avec une hallebarde XVe).<\/p>\n","protected":false},"excerpt":{"rendered":"<p>Le combat viking Western style est le style de combat&hellip;<\/p>\n","protected":false},"author":1,"featured_media":0,"parent":0,"menu_order":0,"comment_status":"closed","ping_status":"closed","template":"","meta":{"footnotes":""},"class_list":["post-230","page","type-page","status-publish","hentry"],"_links":{"self":[{"href":"https:\/\/www.dainnleifur.fr\/index.php\/wp-json\/wp\/v2\/pages\/230","targetHints":{"allow":["GET"]}}],"collection":[{"href":"https:\/\/www.dainnleifur.fr\/index.php\/wp-json\/wp\/v2\/pages"}],"about":[{"href":"https:\/\/www.dainnleifur.fr\/index.php\/wp-json\/wp\/v2\/types\/page"}],"author":[{"embeddable":true,"href":"https:\/\/www.dainnleifur.fr\/index.php\/wp-json\/wp\/v2\/users\/1"}],"replies":[{"embeddable":true,"href":"https:\/\/www.dainnleifur.fr\/index.php\/wp-json\/wp\/v2\/comments?post=230"}],"version-history":[{"count":1,"href":"https:\/\/www.dainnleifur.fr\/index.php\/wp-json\/wp\/v2\/pages\/230\/revisions"}],"predecessor-version":[{"id":231,"href":"https:\/\/www.dainnleifur.fr\/index.php\/wp-json\/wp\/v2\/pages\/230\/revisions\/231"}],"wp:attachment":[{"href":"https:\/\/www.dainnleifur.fr\/index.php\/wp-json\/wp\/v2\/media?parent=230"}],"curies":[{"name":"wp","href":"https:\/\/api.w.org\/{rel}","templated":true}]}}